{"id":602,"date":"2021-02-26T08:50:09","date_gmt":"2021-02-26T08:50:09","guid":{"rendered":"https:\/\/yeastar.com.es\/?page_id=602"},"modified":"2021-03-22T20:05:24","modified_gmt":"2021-03-22T20:05:24","slug":"linkus","status":"publish","type":"page","link":"https:\/\/yeastar.com.es\/?page_id=602","title":{"rendered":"linkus"},"content":{"rendered":"<figure>\n\t\t\t\t\t\t\t\t\t\t\t<a href=\"https:\/\/yeastar.com.es\"><br \/>\n\t\t\t\t\t\t\t<img decoding=\"async\" width=\"267\" height=\"81\" src=\"https:\/\/yeastar.com.es\/wp-content\/uploads\/2021\/02\/yeastar-logo.png\" alt=\"\" loading=\"lazy\" \/>\t\t\t\t\t\t\t\t<\/a><figcaption><\/figcaption><\/figure>\n<nav itemscope=\"itemscope\" itemtype=\"http:\/\/schema.org\/SiteNavigationElement\" data-toggle-icon=\"&lt;i aria-hidden=&quot;true&quot; tabindex=&quot;0&quot; class=&quot;fas fa-align-justify&quot;&gt;&lt;\/i&gt;\" data-close-icon=\"&lt;i aria-hidden=&quot;true&quot; tabindex=&quot;0&quot; class=&quot;far fa-window-close&quot;&gt;&lt;\/i&gt;\" data-full-width=\"yes\">\n<ul id=\"menu-1-4be9f400\">\n<li id=\"menu-item-550\"><a href=\"https:\/\/yeastar.com.es\/\" itemprop=\"url\" class = \"hfe-menu-item\">inicio<\/a><\/li>\n<li id=\"menu-item-570\"><a href=\"https:\/\/yeastar.com.es\/?page_id=558\" itemprop=\"url\" class = \"hfe-menu-item\">centralitas<\/a><\/li>\n<li id=\"menu-item-571\"><a href=\"https:\/\/yeastar.com.es\/?page_id=564\" itemprop=\"url\" class = \"hfe-menu-item\">telefonos<\/a><\/li>\n<li id=\"menu-item-609\"><a href=\"https:\/\/yeastar.com.es\/?page_id=602\" itemprop=\"url\" class = \"hfe-menu-item\">linkus<\/a><\/li>\n<li id=\"menu-item-750\"><a href=\"https:\/\/yeastar.com.es\/?page_id=625\" itemprop=\"url\" class = \"hfe-menu-item\">contacto<\/a><\/li>\n<\/ul>\n<\/nav>\n<h2>comunicaciones unificadas<\/h2>\n<figure><img decoding=\"async\" src=\"https:\/\/yeastar.com.es\/wp-content\/uploads\/elementor\/thumbs\/yeastar-en-la-nube-p2pz2k8br07m1vps3qf8fqrj3ankr0brq39c8ylgbg.jpg\" alt=\"yeastar en la nube\" \/><\/figure>\n<figure><img decoding=\"async\" src=\"https:\/\/yeastar.com.es\/wp-content\/uploads\/elementor\/thumbs\/cloud-yeastar-p2pyzk4vx23myq2smxp4z01irzgd5temz88i1g1isc.png\" alt=\"cloud -yeastar\" \/><\/figure>\n<figure><img decoding=\"async\" src=\"https:\/\/yeastar.com.es\/wp-content\/uploads\/elementor\/thumbs\/yeastar-s300-p2wpavbpvrnm3qzcmmv62pch6nd66acgblwshuwov0.jpg\" alt=\"yeastar-s300\" \/><\/figure>\n<figure><img decoding=\"async\" src=\"https:\/\/yeastar.com.es\/wp-content\/uploads\/elementor\/thumbs\/yeastar-s100-p2wp7ajtvgrbx66eil7a33ubsuzvvr585wj9qy7mjg.jpg\" alt=\"yeastar-s100\" \/><\/figure>\n<figure><img decoding=\"async\" src=\"https:\/\/yeastar.com.es\/wp-content\/uploads\/elementor\/thumbs\/yeastar-s50-p2wp79lzomq1lk7ro2snim2v7h4io21htrvs9o90po.jpg\" alt=\"yeastar-s50\" \/><\/figure>\n<figure><img decoding=\"async\" src=\"https:\/\/yeastar.com.es\/wp-content\/uploads\/elementor\/thumbs\/yeastar-s20-p2wou03z8skdrnhd4ce6bykpfqi21tduo4h4h3x0ik.jpg\" alt=\"yeastar -s20\" \/><\/figure>\n<p>\t\t\t\t\t\tAnterior<br \/>\n\t\t\t\t\t\tSiguiente<br \/>\n\t\t\t\t\t\t\t&nbsp;Todas las comunicaciones en la palma de su mano ..<br \/>\n\t\t\t\t\t\t\t<img decoding=\"async\" width=\"225\" height=\"225\" src=\"https:\/\/yeastar.com.es\/wp-content\/uploads\/2021\/02\/linkus.jpg\" alt=\"\" loading=\"lazy\" srcset=\"https:\/\/yeastar.com.es\/wp-content\/uploads\/2021\/02\/linkus.jpg 225w, https:\/\/yeastar.com.es\/wp-content\/uploads\/2021\/02\/linkus-150x150.jpg 150w\" sizes=\"(max-width: 225px) 100vw, 225px\" \/><br \/>\n\t\t\t\t\t\t\t\t\t\t\t\t\t\tLINKUS<br \/>\n\t\t\t\t\t\t\t\t\t\t\t\t\t\t\t\t\t\t\t\t\t\tTeletrabajo<\/p>\n<h3>LINKUS uc clients<\/h3>\n<p>Mant\u00e9ngase \u00a0siempre conectado ,con nuestras \u00a0herramientas de comunicaciones unificadas, f\u00e1cilmente accesibles a trav\u00e9s de una \u00fanica interfaz en sus propios dispositivos.<b>.<\/b><\/p>\n<p><a href=\"https:\/\/yeastar.com.es\/?page_id=622\">+ info<\/a><\/p>\n<p>\t\t\t\t\t\t\t\t\t\t<img decoding=\"async\" width=\"719\" height=\"522\" src=\"https:\/\/yeastar.com.es\/wp-content\/uploads\/2021\/02\/softphone-yeastar.png\" alt=\"\" loading=\"lazy\" srcset=\"https:\/\/yeastar.com.es\/wp-content\/uploads\/2021\/02\/softphone-yeastar.png 719w, https:\/\/yeastar.com.es\/wp-content\/uploads\/2021\/02\/softphone-yeastar-300x218.png 300w\" sizes=\"(max-width: 719px) 100vw, 719px\" \/><br \/>\n\t\t\t\t\t\t\t\t\t\t<img decoding=\"async\" width=\"822\" height=\"596\" src=\"https:\/\/yeastar.com.es\/wp-content\/uploads\/2021\/02\/linkus-portatil.png\" alt=\"\" loading=\"lazy\" srcset=\"https:\/\/yeastar.com.es\/wp-content\/uploads\/2021\/02\/linkus-portatil.png 822w, https:\/\/yeastar.com.es\/wp-content\/uploads\/2021\/02\/linkus-portatil-300x218.png 300w, https:\/\/yeastar.com.es\/wp-content\/uploads\/2021\/02\/linkus-portatil-768x557.png 768w\" sizes=\"(max-width: 822px) 100vw, 822px\" \/>\t\t\t\t\t\t\t\t\t\t\t<\/p>\n<h3>unifique sus comunicaciones<\/h3>\n<p>Con \u00a0UC Linkus,\u00a0 puede\u00a0 trabajar\u00a0 desde cualquier lugar con sus dispositivos habituales (ordenador , smartphone, Tablet,\u00a0 ) \u00a0dispondr\u00e1 de una centralita virtual con\u00a0 mensajer\u00eda, conferencias\u00a0 , video llamadas ,acceso a aplicaciones y m\u00e1s opciones, desde pr\u00e1cticamente\u00a0 cualquier dispositivo. Compatible con todos los \u00a0navegadores web, Microsoft Windows, macOS, iOS y Android. Linkus las comunicaciones en tiempo real este donde este.<\/p>\n<p><a href=\"https:\/\/yeastar.com.es\/?page_id=622\">cont\u00e1cte con nosotros<\/a><\/p>\n<h2>Videoconferencia de Yeastar <\/h2>\n<p>Mant\u00e9ngase\u00a0 siempre presente<\/p>\n<p>\t\t\t\t\t\t\t\t\t\t<img decoding=\"async\" width=\"320\" height=\"180\" src=\"https:\/\/yeastar.com.es\/wp-content\/uploads\/2021\/02\/videoconferencia.jpg\" alt=\"\" loading=\"lazy\" srcset=\"https:\/\/yeastar.com.es\/wp-content\/uploads\/2021\/02\/videoconferencia.jpg 320w, https:\/\/yeastar.com.es\/wp-content\/uploads\/2021\/02\/videoconferencia-300x169.jpg 300w\" sizes=\"(max-width: 320px) 100vw, 320px\" \/>\t\t\t\t\t\t\t\t\t\t\t<\/p>\n<figure><img decoding=\"async\" src=\"https:\/\/yeastar.com.es\/wp-content\/uploads\/2021\/02\/cliente-escri-linkus.jpg\" alt=\"cliente escri-linkus\" \/><\/figure>\n<figure><img decoding=\"async\" src=\"https:\/\/yeastar.com.es\/wp-content\/uploads\/2021\/02\/cliente-linkus.jpg\" alt=\"cliente -linkus\" \/><\/figure>\n<figure><img decoding=\"async\" src=\"https:\/\/yeastar.com.es\/wp-content\/uploads\/2021\/02\/cliente-movil-linkus.jpg\" alt=\"cliente-movil linkus\" \/><\/figure>\n<p>\t\t\t\t\t\tAnterior<br \/>\n\t\t\t\t\t\tSiguiente<\/p>\n<h3><font color=\"#3d4a59\" face=\"Open Sans\">FUNCIONES<\/font><br \/><\/h3>\n<figure><img decoding=\"async\" width=\"128\" height=\"128\" src=\"https:\/\/yeastar.com.es\/wp-content\/uploads\/2021\/02\/1470399662_Marketing.png\" alt=\"\" loading=\"lazy\" \/><\/figure>\n<h3>Mensajer\u00eda instant\u00e1nea<br \/><\/h3>\n<p><p>Nunca pierda ning\u00fan mensaje de chat o personal,&nbsp;<br \/>\ncon intercambio de archivos a nivel empresarial .<o:p><\/o:p><\/p>\n<\/p>\n<figure><img decoding=\"async\" width=\"128\" height=\"128\" src=\"https:\/\/yeastar.com.es\/wp-content\/uploads\/2021\/02\/1470399671_SEO.png\" alt=\"\" loading=\"lazy\" \/><\/figure>\n<h3>Gesti\u00f3n de contactos<br \/><\/h3>\n<p>Crea y gestiona tus Contactos Personales\/Compa\u00f1\u00eda que se sincronizan a trav\u00e9s de tus Clientes UC Linkus, Tel\u00e9fono IP y PBX. Llegar a los clientes f\u00e1cilmente en todas partes<\/p>\n<figure><img decoding=\"async\" width=\"128\" height=\"128\" src=\"https:\/\/yeastar.com.es\/wp-content\/uploads\/2021\/02\/1470399715_E-Commerce.png\" alt=\"\" loading=\"lazy\" \/><\/figure>\n<h3>&nbsp;<br \/>Control de tel\u00e9fono de escritorio remoto<\/h3>\n<p>Controla remotamente tu tel\u00e9fono de escritorio con el Linkus Desktop Client (modo CTI). Aumenta la eficiencia de las llamadas con un control m\u00e1s f\u00e1cil y siempre conectado.<\/p>\n<figure><img decoding=\"async\" width=\"128\" height=\"128\" src=\"https:\/\/yeastar.com.es\/wp-content\/uploads\/2021\/02\/1470399674_App_Development.png\" alt=\"\" loading=\"lazy\" \/><\/figure>\n<h3>Presencia<br \/><\/h3>\n<p>Vea inmediatamente qui\u00e9n est\u00e1 disponible, fuera de l\u00ednea, ausente, en una llamada, un descanso o un viaje, por ejemplo, con indicadores de estado de presencia en colores y una descripci\u00f3n de estado personalizable.<\/p>\n<figure><img decoding=\"async\" width=\"128\" height=\"128\" src=\"https:\/\/yeastar.com.es\/wp-content\/uploads\/2021\/02\/1470399667_Newsletter.png\" alt=\"\" loading=\"lazy\" \/><\/figure>\n<h3>Integraci\u00f3n de CRM<br \/><\/h3>\n<p>Integre Salesforce, Dynamics 365, Zoho CRM, Contactos de Outlook y Contactos de Google para disfrutar de llamadas con un solo clic, ventanas emergentes de llamadas, diarios de llamadas, etc. directamente en su CRM.<\/p>\n<figure><img decoding=\"async\" width=\"128\" height=\"128\" src=\"https:\/\/yeastar.com.es\/wp-content\/uploads\/2021\/02\/1470399656_Branding.png\" alt=\"\" loading=\"lazy\" \/><\/figure>\n<h3>Haz clic para llamar a la extensi\u00f3n de Chrome<br \/><\/h3>\n<p>Marcando con un solo clic a cualquier n\u00famero de tel\u00e9fono en su navegador web. Con Yeastar Click-to-call Chrome Extension, todos los n\u00fameros de la web se convierten en un enlace en el que se puede hacer clic.<\/p>\n<h2>yeastar<\/h2>\n<p>\t\t\t<a href=\"https:\/\/yeastar.com.es\/?page_id=622\" role=\"button\"><br \/>\n\t\t\t\t\t\t+ info<br \/>\n\t\t\t\t\t<\/a><\/p>\n","protected":false},"excerpt":{"rendered":"<p>inicio centralitas telefonos linkus contacto comunicaciones unificadas Anterior Siguiente &nbsp;Todas las comunicaciones en la palma de su mano .. LINKUS Teletrabajo LINKUS uc clients Mant\u00e9ngase \u00a0siempre conectado ,con nuestras \u00a0herramientas de comunicaciones unificadas, f\u00e1cilmente accesibles a trav\u00e9s de una \u00fanica interfaz en sus propios dispositivos.. + info unifique sus comunicaciones Con \u00a0UC Linkus,\u00a0 puede\u00a0 trabajar\u00a0 [&hellip;]<\/p>\n","protected":false},"author":1,"featured_media":0,"parent":0,"menu_order":0,"comment_status":"closed","ping_status":"closed","template":"elementor_canvas","meta":[],"_links":{"self":[{"href":"https:\/\/yeastar.com.es\/index.php?rest_route=\/wp\/v2\/pages\/602"}],"collection":[{"href":"https:\/\/yeastar.com.es\/index.php?rest_route=\/wp\/v2\/pages"}],"about":[{"href":"https:\/\/yeastar.com.es\/index.php?rest_route=\/wp\/v2\/types\/page"}],"author":[{"embeddable":true,"href":"https:\/\/yeastar.com.es\/index.php?rest_route=\/wp\/v2\/users\/1"}],"replies":[{"embeddable":true,"href":"https:\/\/yeastar.com.es\/index.php?rest_route=%2Fwp%2Fv2%2Fcomments&post=602"}],"version-history":[{"count":59,"href":"https:\/\/yeastar.com.es\/index.php?rest_route=\/wp\/v2\/pages\/602\/revisions"}],"predecessor-version":[{"id":892,"href":"https:\/\/yeastar.com.es\/index.php?rest_route=\/wp\/v2\/pages\/602\/revisions\/892"}],"wp:attachment":[{"href":"https:\/\/yeastar.com.es\/index.php?rest_route=%2Fwp%2Fv2%2Fmedia&parent=602"}],"curies":[{"name":"wp","href":"https:\/\/api.w.org\/{rel}","templated":true}]}}